?
13, 23, 373
What are the prime factors of 2535?
3, 5, 13
List the prime factors of 139.
139
What are the prime factors of 45211?
29, 1559
List the prime factors of 5666.
2, 2833
List the prime factors of 86.
2, 43
List the prime factors of 9865.
5, 1973
List the prime factors of 36452.
2, 13, 701
List the prime factors of 6859.
19
List the prime factors of 1064.
2, 7, 19
List the prime factors of 2186.
2, 1093
List the prime factors of 7012.
2, 1753
What are the prime factors of 125?
5
What are the prime factors of 913?
11, 83
List the prime factors of 15632.
2, 977
List the prime factors of 66729.
3, 13, 29, 59
What are the prime factors of 35126?
2, 7, 13, 193
What are the prime factors of 1197?
3, 7, 19
What are the prime factors of 35127?
3, 1301
What are the prime factors of 2658?
2, 3, 443
List the prime factors of 1403.
23, 61
List the prime factors of 174.
2, 3, 29
List the prime factors of 13861.
83, 167
What are the prime factors of 1407?
3, 7, 67
List the prime factors of 3793.
3793
List the prime factors of 253.
11, 23
List the prime factors of 36024.
2, 3, 19, 79
What are the prime factors of 1562?
2, 11, 71
List the prime factors of 5429.
61, 89
List the prime factors of 665.
5, 7, 19
What are the prime factors of 4792?
2, 599
What are the prime factors of 7091?
7, 1013
List the prime factors of 437.
19, 23
What are the prime factors of 1064?
2, 7, 19
What are the prime factors of 4883?
19, 257
What are the prime factors of 19302?
2, 3, 3217
List the prime factors of 13406.
2, 6703
What are the prime factors of 2674?
2, 7, 191
List the prime factors of 5447.
13, 419
List the prime factors of 10447.
31, 337
List the prime factors of 5066.
2, 17, 149
List the prime factors of 21350.
2, 5, 7, 61
List the prime factors of 47617.
17, 2801
What are the prime factors of 15574?
2, 13, 599
List the prime factors of 1045.
5, 11, 19
What are the prime factors of 2599?
23, 113
What are the prime factors of 187724?
2, 71, 661
What are the prime factors of 2829?
3, 23, 41
What are the prime factors of 1480?
2, 5, 37
List the prime factors of 74864.
2, 4679
List the prime factors of 1442.
2, 7, 103
List the prime factors of 2043.
3, 227
List the prime factors of 22564.
2, 5641
List the prime factors of 3883.
11, 353
What are the prime factors of 5676?
2, 3, 11, 43
What are the prime factors of 14286?
2, 3, 2381
What are the prime factors of 69001?
69001
What are the prime factors of 1069?
1069
What are the prime factors of 2357?
2357
List the prime factors of 597.
3, 199
What are the prime factors of 2023?
7, 17
List the prime factors of 40741.
131, 311
What are the prime factors of 1249?
1249
What are the prime factors of 12111?
3, 11, 367
What are the prime factors of 10?
2, 5
What are the prime factors of 2093?
7, 13, 23
What are the prime factors of 1848?
2, 3, 7, 11
List the prime factors of 1173.
3, 17, 23
What are the prime factors of 10140?
2, 3, 5, 13
What are the prime factors of 6420?
2, 3, 5, 107
List the prime factors of 1331.
11
List the prime factors of 310.
2, 5, 31
List the prime factors of 22669.
22669
What are the prime factors of 861?
3, 7, 41
What are the prime factors of 33835?
5, 67, 101
What are the prime factors of 1343?
17, 79
List the prime factors of 1601.
1601
What are the prime factors of 31616?
2, 13, 19
List the prime factors of 28707.
3, 7, 1367
List the prime factors of 2694.
2, 3, 449
List the prime factors of 4492.
2, 1123
List the prime factors of 2309.
2309
List the prime factors of 4996.
2, 1249
List the prime factors of 3492.
2, 3, 97
List the prime factors of 15744.
2, 3, 41
List the prime factors of 900.
2, 3, 5
List the prime factors of 89232.
2, 3, 11, 13
What are the prime factors of 23250?
2, 3, 5, 31
What are the prime factors of 166017?
3, 55339
What are the prime factors of 1095?
3, 5, 73
What are the prime factors of 4932?
2, 3, 137
What are the prime factors of 224?
2, 7
What are the prime factors of 14331?
3, 17, 281
List the prime factors of 2184.
2, 3, 7, 13
List the prime factors of 62258.
2, 7, 4447
What are the prime factors of 3542?
2, 7, 11, 23
What are the prime factors of 66527?
71, 937
List the prime factors of 2100.
2, 3, 5, 7
List the prime factors of 11202.
2, 3, 1867
What are the prime factors of 515?
5, 103
List the prime factors of 4263.
3, 7, 29
What are the prime factors of 1877?
1877
What are the prime factors of 79477?
19, 47, 89
What are the prime factors of 5405?
5, 23, 47
What are the prime factors of 1284?
2, 3, 107
What are the prime factors of 1191?
3, 397
What are the prime factors of 1843?
19, 97
What are the prime factors of 14035?
5, 7, 401
What are the prime factors of 139516?
2, 13, 2683
List the prime factors of 1538.
2, 769
List the prime factors of 8372.
2, 7, 13, 23
What are the prime factors of 637?
7, 13
List the prime factors of 2083.
2083
What are the prime factors of 529?
23
What are the prime factors of 70022?
2, 157, 223
What are the prime factors of 8269?
8269
What are the prime factors of 711?
3, 79
List the prime factors of 1356.
2, 3, 113
List the prime factors of 4935.
3, 5, 7, 47
What are the prime factors of 30215?
5, 6043
List the prime factors of 166336.
2, 23, 113
List the prime factors of 2720.
2, 5, 17
List the prime factors of 5338.
2, 17, 157
What are the prime factors of 6890?
2, 5, 13, 53
List the prime factors of 317.
317
List the prime factors of 227.
227
What are the prime factors of 6009?
3, 2003
What are the prime factors of 450?
2, 3, 5
List the prime factors of 9334.
2, 13, 359
List the prime factors of 123741.
3, 4583
What are the prime factors of 8383?
83, 101
List the prime factors of 2404.
2, 601
What are the prime factors of 105?
3, 5, 7
What are the prime factors of 2571?
3, 857
List the prime factors of 1362.
2, 3, 227
List the prime factors of 17476.
2, 17, 257
List the prime factors of 24360.
2, 3, 5, 7, 29
What are the prime factors of 803?
11, 73
What are the prime factors of 1104?
2, 3, 23
List the prime factors of 52348.
2, 23, 569
What are the prime factors of 2518?
2, 1259
List the prime factors of 10693.
17, 37
List the prime factors of 1159.
19, 61
What are the prime factors of 3448?
2, 431
What are the prime factors of 11249?
7, 1607
List the prime factors of 2019.
3, 673
What are the prime factors of 1419?
3, 11, 43
What are the prime factors of 983?
983
What are the prime factors of 36876?
2, 3, 7, 439
What are the prime factors of 802?
2, 401
List the prime factors of 222.
2, 3, 37
What are the prime factors of 5160?
2, 3, 5, 43
What are the prime factors of 18702?
2, 3, 1039
What are the prime factors of 274?
2, 137
What are the prime factors of 113320?
2, 5, 2833
What are the prime factors of 19588?
2, 59, 83
List the prime factors of 58753.
41, 1433
List the prime factors of 96.
2, 3
List the prime factors of 38.
2, 19
What are the prime factors of 942?
2, 3, 157
List the prime factors of 4831.
4831
List the prime factors of 84178.
2, 42089
List the prime factors of 38714.
2, 13, 1489
What are the prime factors of 841?
29
What are the prime factors of 259?
7, 37
List the prime factors of 1679.
23, 73
List the prime factors of 24654.
2, 3, 7, 587
List the prime factors of 1112.
2, 139
List the prime factors of 22504.
2, 29, 97
What are the prime factors of 2900?
2, 5, 29
List the prime factors of 22437.
3, 277
List the prime factors of 2916.
2, 3
List the prime factors of 182150.
2, 5, 3643
What are the prime factors of 23474?
2, 11, 97
List the prime factors of 23669.
23669
List the prime factors of 18356.
2, 13, 353
What are the prime factors of 251?
251
What are the prime factors of 4810?
2, 5, 13, 37
List the prime factors of 296.
2, 37
What are the prime factors of 46431?
3, 7, 11, 67
What are the prime factors of 96891?
3, 32297
List the prime factors of 1440.
2, 3, 5
What are the prime factors of 1312?
2, 41
List the prime factors of 27644.
2, 6911
What are the prime factors of 293?
293
What are the prime factors of 5558?
2, 7, 397
What are the prime factors of 333?
3, 37
List the prime factors of 2908.
2, 727
What are the prime factors of 19503?
3, 11, 197
What are the prime factors of 1182?
2, 3, 197
List the prime factors of 1832.
2, 229
What are the prime factors of 18427?
18427
What are 